 - (43 - (-192 - -166)).
-30
(0 + 28 - 65) + 70
33
What is 110 + -42 + 79 + -87?
60
355 - 328 - (-3 - (7 + -3))
34
(172 - 173 - (-1 + 18)) + -89 + (-6 - -21)
-92
What is the value of -100 + 54 + -2 + 185 + 2 + 1 + -17?
123
Calculate -5 + -29 - -13 - -56.
35
What is the value of (1 - 2 - -1 - -36) + (343 + -13 - 339)?
27
What is -2 + -42 + 1 + (22 + 49 + -62 - 2)?
-36
Calculate -7241 + 7297 - (2 + 0).
54
-75 + (-2 + -16 - (-36 + -3)) + -1
-55
(35 + -12 - 1) + (9 - 21)
10
What is 109 + (-7 + 4 - (-19 + 23 - -11))?
91
What is (-15 - 31) + (44 - -2)?
0
-1 + -12 + (-17 - -63) + -21 - 40
-28
Calculate -17 + (15 - -6) + (-7 - -20) + 15.
32
Calculate -44 - -101 - 19 - -36.
74
Evaluate -12 + -19 + (10 - -15) + (-5 - 3).
-14
Calculate (50 - (36 + 24)) + 19.
9
Calculate ((184 - 170) + (-10 - 1) - 11) + -52.
-60
Calculate 20 - (8 - -51 - -65).
-104
Calculate 49 + -47 - (-66 - (-3 - 6) - (1 - 0)).
60
Calculate 182 + -251 - -97 - (31 + -1).
-2
Evaluate -79 + -4 + 74 + -75.
-84
What is the value of -9 + -5 + (-13 - (-8 + -2)) + -44?
-61
Evaluate (-29 - -1) + -35 + -3 + 52.
-14
43 - (38 + (-60 - -49))
16
Evaluate 67 - (-5 - -10) - (-11 - -12 - -7).
54
Evaluate -18 + (-61 - (-27 + -3)).
-49
-23 - (-20 + (-66 - -47))
16
What is the value of -39 + (-7 - (-9 + -5) - -2 - 0)?
-30
What is 6 - 0 - (1 + (-43 - -21))?
27
Calculate -41 - (-80 + 32 + 3).
4
40 - (-56 - (-134 - -1))
-37
Calculate 461 + -449 + (-9 + 9 - (-2 + 124)) + -2.
-112
Evaluate (49 - -19) + -79 - (2 + 6).
-19
Evaluate (-24 - (29 + -17)) + -30 - -31.
-35
What is 69 - (-14 - (16 + (-20 - 15) + 6))?
70
Evaluate -5 + -9 + 4 - (6 + (-93 - -3)) - 8.
66
0 - -35 - (718 - 724)
41
What is the value of -18 + -38 + 48 + (-2 - (42 + -2))?
-50
Evaluate 13 - -9 - ((-3 - -18) + (5 - 5 - 3)).
10
Evaluate (9 + 14 - 43) + 62 + (-6 - -10).
46
-46 + (-38 - 23) + 17
-90
Evaluate 14 - (-16 + -96 + (12 - 5 - -6)).
113
What is the value of -927 + 915 + -10 + 4?
-18
Evaluate 28 - (-3 + 4) - (427 + -459).
59
106 + -7 + (6 - -3) + (-37 - -21)
92
What is the value of (119 - 132) + (-2 + 4 - 5) + -1?
-17
What is the value of 30 + -1 - (-847 + 865)?
11
What is the value of 6 + -12 - (12 + (11 - 14))?
-15
Calculate (0 + 2 + 2 - (-23 - -12 - -15)) + -28.
-28
Evaluate 3400 - 3393 - (0 + 1 + (14 - -2)).
-10
Evaluate 175 - 221 - -4 - ((11 - 2) + 1 + 0).
-52
Evaluate -37 + -8 - -68 - -19.
42
What is (2 + -42 - -4) + -362 + 335?
-63
What is -5 + -10 + 5 - (-1611 + 1675)?
-74
What is (279 - 365) + (-9 - (-26 - 2) - 7)?
-74
2 - (-48 + 58 - 24)
16
What is the value of -101 + -8 + (42 - (-11 - -53))?
-109
(1 - (-4 + 54)) + (-13 - -31)
-31
20 - -2 - (26 - (1 + (-39 - 3)))
-45
-156 + (84 + 40 - 46)
-78
31 + 7 + -123 + 16 + -10
-79
Calculate (21 - -1) + (38 - 3) + -54.
3
What is the value of -889 + 861 - (-45 + -5 + -2)?
24
-21 - -16 - (9 - (11 + -2))
-5
-13 - (16 + -35) - (-3 - 10)
19
Evaluate 105 + -104 - (8 + (0 + -2 - -2) - -71).
-78
What is 20 + (38 - 31) + -9 + -15?
3
Calculate 12 - (-79 + 12 + 51).
28
What is the value of -19 + 0 - ((30 - (13 - -25)) + 3 + 9)?
-23
-3 + 22 - 4 - (14 + -10 - 32)
43
Calculate ((-11 - -2) + 2 - (4 - 1)) + 23 + 3.
16
-12 + -19 + (36 - 26) + -6
-27
6 + (5 - 20) + 22 + 14
27
-11 + (16 - (94 + (4 - 22))) - (-1 - 9)
-61
What is (37 + 17 - 15) + 16 + -14 + 14 + -4?
51
What is the value of -5 + -52 + (-55 - -220)?
108
Evaluate -6 + 3 + -2 + -6 + (6 - -11).
6
What is 20 - (-2 + (20 + -36 - -37) + -2)?
3
What is the value of 152 + 173 + -137 + -63?
125
What is the value of -9 + 1 - (-45 + 30 + -35 + -5 + -2)?
49
Evaluate 64 + 27 + -7 - (14 - 3 - 9).
82
What is 12 + -10 - 14 - -25 - 24 - -7?
-4
Evaluate 90 - (32 + -53 + 40).
71
Evaluate -116 + (16 - -1) + 143 + -150.
-106
What is (28 - 1) + -233 + (433 - 113)?
114
(3 - (6 + (11 + -14 - -10) - 79)) + 0
69
What is 4 - (-97 - (-2 - 8)) - (11 + -20)?
100
What is (1 - -76) + 32 + -34 + 4 - (-15 - -2)?
92
What is 41 + -1 + (-111 - (-179 + 46))?
62
Evaluate -50 + (51 + 17 - 42).
-24
23 + (14 - 41) - ((8 - 6) + -1 + -22)
17
Calculate 8 - (26 - (17 + 1 + -23)).
-23
What is the value of -17 + -1 + (-30 - -18 - -48) + -136?
-118
What is 198 + (70 - 133) + -29?
106
0 + 25 + -104 + 73 + 16
10
Evaluate 1 + -18 - (-96 - (-34 + -65)).
-20
4 + 1 + 1 - 1 - (0 + -2)
7
What is -45 + -2 + -827 + 819?
-55
What is the value of 48 + 12 + -19 + -11 - 20?
10
What is the value of 4149 + -4088 + -1 + -168?
-108
What is -139 - 6 - (1364 - 1492)?
-17
-35 + (20 - (-82 - -14))
53
Calculate 18 + (-15 - 4) + 16 + (-3 - 14).
-2
(13 + 45 - 5) + -72
-19
Evaluate (32 - -24) + -35 + -59.
-38
What is the value of 2 - ((35 - 54) + (2 - 58) + 4)?
73
91 + 113 + -80 + -49
75
What is (36 - 19) + -92 + (-1 - (0 - -11))?
-87
What is -13 + 1 - (22 - (11 - 5 - -1))?
-27
What is 7 + 8 + 44 - ((0 - 6) + 10)?
55
Calculate 2 - (-296 + 250 + (-8 - -2 - (-1 + -2))).
51
Evaluate -37 - (-33 + 54 + -25 - 12).
-21
What is the value of 7 + -10 + (-2 - 1) - ((185 - 127) + -149)?
85
Calculate 2 + -5 + 43 + -13.
27
Evaluate (-16 - 60) + 8 - -24.
-44
Evaluate (26 - (-8 + -8 - 19)) + 5.
66
Evaluate (102 - 41) + -70 - (-2 + 1).
-8
What is 4 - ((38 - 36) + -31)?
33
12 + -34 + (-40 - ((-1 - 12) + 13))
-62
Calculate 5 + 41 + -45 - -18.
19
Calculate -44 - (-32 + 16 + (-13 - -7)).
-22
2 - (-32 - (-4 + -4) - -17) - (-49 + -1)
59
What is -57 + 25 + (89 - (0 - 8))?
65
23 + -13 + -8 + (0 - 5) - (13 - 8)
-8
Calculate -49 - (101 + (27 - 120)).
-57
(-46 - (-2 + 10 - (12 - (-13 + 15)))) + -6
-50
What is the value of -11 + -2 + 30 + -21 + -33 + 89?
52
What is the value of 56 + -35 - (-4 + 1 + 52)?
-28
-11 - ((-22 - 8) + 16 + 11)
-8
What is the value of -25 + -7 + 23 - -5 - (13 + -1)?
-16
Calculate 3 + 2 + 41 + 69 + 32 + -36.
111
What is (3 - -16) + -9 + -2 + 0 + -28?
-20
Calculate 68 + -50 - (-10 + 19 + -26) - 15.
20
Evaluate -168 + -1 + 34 - -70.
-65
(-195 - 11) + 231 + -2 + -2
21
Calculate 10 - -15 - -15 - ((-6 - 8) + 6).
48
-40 - (10 + -4 - (17 + -10) - (-1 + -2))
-42
What is -53 - (-32 - -8) - -56 - 14?
13
Calculate (0 - -2) + (20 - 103 - -36) + 13.
-32
What is 8 + (52 - 5) - (-2 + (-30 - -20))?
67
-1943 + 1938 - ((-1 - 46) + 1) - (-3 + 8)
36
What is the value of -113 + 85 + 45 + 2 + 0 + -22?
-3
What is -3 - (-6 + 3 + -4) - ((-43 - -75) + -23)?
-5
What is the value of 41 + (-24 - (-12 + -9)) - (1 + -6)?
43
(-7 - -15) + -24 + -20 - 30
-66
Evaluate 7 + -39 + 62 + -78.
-48
Evaluate -71 + (1 - 5) + -3 + (-2 - -10) - 4.
-74
-35 - (-7 + -44 + 7 + 22)
-13
Evaluate 137 - (67 + (16 - 8)).
62
What is the value of 1 + 11 - (26 + -2 + -7 - (206 + -52))?
149
Evaluate -171 + -122 + 261 + (3 - 3) + 19.
-13
What is the value of (-2 - -21) + -989 + 1005 - 6?
29
0 + 27 + -22 + 1 + (-927 - -965)
44
What is the value of -163 - (1 + 63 - 196)?
-31
Calculate -14 + (-28 + 11 - (10 - 30)) + 26.
15
What is the value of -12 + ((-5 - -1) + -7 + (4 - -2) - -98)?
81
Calculate (-3 - 13 - (-5 + 0)) + 49.
38
Evaluate 7 + 0 - (-22 + 8 + 10 - -9).
2
What is (24 - (-4 - -47)) + -22 + -42?
-83
Evaluate -13 + 0 - (9 + (-55 - 20)).
53
What is the value of 114 + 4 + 4546 + -4634?
30
What is -5 + 10 + 18 + (47 - 37) + -73?
-40
Calculate -62 + -32 - -85 - (-2 - 62).
55
What is the value of 45 + (-207 - -56) - (-17 - 5)?
-84
Calculate -77 - (-20 + (6 - (-14 - (-2 - 0)))).
-75
What is the value of (1073 - 1194) + 20 + 2 - 4?
-103
Evaluate 21 + -30 + 13 - (-1 + -27).
32
What is 86 + -14 - (-256 - -290)?
38
Evaluate (4 - 7 - -10) + 9.
16
What is (50 - ((7 - -24) + -18)) + 6?
43
What is the value of -19 + (-1 - ((4 - 1) + -1) - 9)?
-31
(-1 - 4) + (-48 - -41) + 58 + -49 + -90
-93
What is -6 - ((-6 - (4 - ((-10 - -4) + -4))) + -1)?
15
-22 + (-23 - -23 - 18) + 90
50
Calculate -3 + 1 + 5 + -7 - (29 + -37).
4
Calculate -1 + -5 + 4 + 19 - (-4 - -7).
14
Evaluate -3 + (-105 - 38 - -282).
136
Evaluate -37 + 30 + -25 + (-9 - 93).
-134
What is the value of 308 - 306 - (0 - 13) - -7 - 1?
21
-52 + 37 + 84 + -152
-83
-2 + 4 - -40 - (-16324 + 16316)
50
What is -22 + 15 + -7 + (7 + -1 + 24 - -6)?
22
Evaluate 73 - (1 + (4 + 2 - (-12 - -21) - 10)).
85
0 + 18 - (-1 + 4 + (7 - 17) + 10)
15
What is -94 + 97 + 3 + -1 + -13 + 4?
-4
Evaluate 9 - (-8 - -78) - -16 - (-77 + 90).
-58
Evaluate 87 + 46 + -107 + 18.
44
-4 + (-4 - ((61 - 49) + 8 + 0))
-28
Evaluate (-6 - 2) + (-12 - -75) + (-10 - (-3 - -2)).
46
Wh